 to base 11
-235
-22050 (base 8) to base 12
-5434
-13253 (base 6) to base 4
-200001
Convert -14735 (base 13) to base 9.
-57822
Convert -22c4 (base 15) to base 4.
-1303120
What is 719 (base 15) in base 13?
960
What is -15422 (base 7) in base 11?
-3285
-866 (base 11) to base 8
-2020
e8c (base 15) to base 2
110011010010
Convert -7e (base 15) to base 5.
-434
2982 (base 10) to base 9
4073
What is 1089 (base 10) in base 5?
13324
1432 (base 10) to base 15
657
-181 (base 14) to base 5
-2214
-3a33 (base 11) to base 4
-1101313
Convert 221221121 (base 3) to base 12.
ab44
-103a (base 11) to base 8
-2536
-1010001110 (base 2) to base 6
-3010
e6 (base 16) to base 2
11100110
31413 (base 5) to base 13
c62
Convert 326c (base 16) to base 10.
12908
Convert -25263 (base 10) to base 9.
-37580
Convert -3778 (base 10) to base 9.
-5157
What is 4d2 (base 14) in base 2?
1111001000
Convert -111011100 (base 2) to base 4.
-13130
-38a (base 11) to base 5
-3321
4c47 (base 13) to base 2
10101001111011
a73 (base 13) to base 2
11011111000
-10a3 (base 11) to base 16
-5a4
What is -c360 (base 14) in base 4?
-20031000
Convert -7555 (base 11) to base 15.
-2e57
145115 (base 6) to base 2
11011100000111
What is -18126 (base 13) in base 2?
-1011010100000010
Convert -21b0 (base 12) to base 15.
-118c
-180 (base 15) to base 2
-101011001
What is 2755 (base 8) in base 6?
11005
What is -15311 (base 7) in base 16?
-10af
Convert -249 (base 13) to base 10.
-399
What is -2319 (base 15) in base 8?
-16431
23a (base 12) to base 5
2314
What is 11123 (base 7) in base 3?
10212002
41243 (base 6) to base 10
5499
-ae9 (base 15) to base 8
-4645
-124b6 (base 14) to base 4
-22330300
What is -164c (base 15) in base 8?
-11275
What is 171 (base 16) in base 13?
225
2713 (base 8) to base 13
8a1
What is -25252 (base 6) in base 5?
-110101
What is -10b17 (base 14) in base 5?
-2244333
12434 (base 5) to base 9
1324
What is 12b8 (base 14) in base 12?
1aaa
-11111100111 (base 2) to base 12
-1207
Convert 11400 (base 5) to base 16.
352
Convert -132415 (base 8) to base 9.
-70518
What is e39 (base 16) in base 15?
112b
What is 1d7c (base 16) in base 13?
3588
-197b (base 12) to base 13
-155c
What is 126100 (base 8) in base 13?
170c0
Convert 122202010 (base 3) to base 8.
31210
What is 102010 (base 3) in base 12?
210
Convert -267 (base 13) to base 3.
-120200
Convert -38946 (base 10) to base 9.
-58373
What is 1c75 (base 16) in base 15?
225a
Convert -9427 (base 10) to base 3.
-110221011
Convert 11506 (base 7) to base 15.
d4a
What is b357 (base 12) in base 11?
13724
Convert 100110100101 (base 2) to base 10.
2469
Convert -255 (base 15) to base 10.
-530
What is -515 (base 14) in base 16?
-3e7
What is 1531 (base 7) in base 11?
505
-1412 (base 5) to base 8
-350
-1e4 (base 15) to base 14
-235
What is 3a1 (base 12) in base 2?
1000101001
Convert 23500 (base 6) to base 15.
1030
What is 23326 (base 7) in base 5?
142443
1525 (base 8) to base 10
853
-1012211 (base 3) to base 2
-1101110110
-42d (base 14) to base 16
-339
Convert -10421 (base 6) to base 4.
-112231
-b47 (base 14) to base 6
-14135
Convert 1211012 (base 3) to base 10.
1328
-11103 (base 4) to base 5
-2324
Convert 23da (base 14) to base 13.
2b12
What is 392 (base 12) in base 4?
20132
Convert -4243 (base 8) to base 16.
-8a3
What is -13030 (base 9) in base 10?
-8775
Convert 341 (base 12) to base 2.
111100001
Convert 301220 (base 4) to base 2.
110001101000
Convert -17224 (base 9) to base 3.
-121020211
Convert 87 (base 10) to base 8.
127
Convert -111300 (base 6) to base 15.
-2bb6
Convert -153715 (base 8) to base 3.
-2210210010
Convert 1101110010011100 (base 2) to base 14.
16820
Convert 25335 (base 8) to base 7.
43664
1472 (base 13) to base 4
232112
Convert -221101 (base 3) to base 4.
-22231
What is -3967 (base 10) in base 7?
-14365
-43144 (base 5) to base 8
-5554
111010011 (base 2) to base 6
2055
What is -101111000100 (base 2) in base 5?
-44022
Convert -94 (base 16) to base 14.
-a8
11431 (base 5) to base 7
2345
Convert -42e (base 15) to base 4.
-32300
-1a50 (base 11) to base 10
-2596
What is -14205 (base 6) in base 10?
-2237
1203 (base 4) to base 15
69
Convert -6652 (base 11) to base 13.
-3cb7
What is -3294 (base 15) in base 16?
-29da
-111100010101100 (base 2) to base 11
-21234
1213 (base 6) to base 11
250
What is 1102151 (base 6) in base 5?
3224211
Convert -1111101 (base 2) to base 7.
-236
2130223 (base 5) to base 13
136b4
Convert -aa (base 14) to base 15.
-a0
cf (base 16) to base 15
dc
-101144 (base 7) to base 13
-7ac6
Convert -6163 (base 10) to base 9.
-8407
Convert 10996 (base 11) to base 6.
201151
-32811 (base 9) to base 14
-7d31
-411 (base 11) to base 4
-13300
Convert -1c96 (base 13) to base 12.
-2624
-22003 (base 4) to base 9
-784
5b06 (base 16) to base 2
101101100000110
Convert 328a3 (base 12) to base 13.
24612
Convert 3a039 (base 11) to base 15.
11e85
What is -9812 (base 10) in base 14?
-380c
Convert 1642 (base 12) to base 6.
20122
410 (base 11) to base 5
3440
Convert -1103 (base 5) to base 14.
-ad
Convert -144 (base 16) to base 15.
-169
What is -2501 (base 11) in base 12?
-1a84
Convert 144 (base 5) to base 13.
3a
3213222 (base 4) to base 3
202100010
Convert 366 (base 9) to base 7.
612
What is 14455 (base 7) in base 11?
3015
21 (base 9) to base 6
31
60124 (base 8) to base 9
36740
What is -20010 (base 4) in base 9?
-633
-23510 (base 8) to base 4
-2131020
-9336 (base 13) to base 16
-4f65
25342 (base 7) to base 10
6694
120100 (base 3) to base 4
12132
44196 (base 10) to base 14
1216c
Convert 510 (base 6) to base 11.
15a
Convert 33103 (base 4) to base 14.
4dd
Convert -465 (base 10) to base 3.
-122020
2111120 (base 3) to base 16
720
Convert 5e1 (base 15) to base 3.
1211111
What is 135 (base 6) in base 3?
2012
-3131221 (base 4) to base 15
-430a
148c (base 15) to base 5
120112
Convert -2221001 (base 3) to base 16.
-856
What is 4457 (base 11) in base 3?
22001102
Convert 2014 (base 5) to base 8.
403
What is -9b6 (base 13) in base 8?
-3206
What is 1310121 (base 4) in base 3?
101012220
1010110110101110 (base 2) to base 11
30450
What is -33525 (base 8) in base 5?
-423130
What is -721 (base 16) in base 6?
-12241
What is 210202011 (base 3) in base 5?
1001403
Convert -23626 (base 10) to base 7.
-125611
Convert 5144 (base 6) to base 5.
14034
What is 90 (base 10) in base 12?
76
Convert 12b5 (base 12) to base 4.
201221
-12b (base 15) to base 8
-412
Convert 11573 (base 8) to base 9.
6751
1000010011100 (base 2) to base 8
10234
Convert -4744 (base 8) to base 16.
-9e4
What is -710 (base 10) in base 14?
-38a
32404 (base 5) to base 13
1026
Convert 1577 (base 14) to base 2.
111011110101
-a700 (base 14) to base 9
-43463
Convert -1000 (base 2) to base 16.
-8
Convert -8377 (base 12) to base 2.
-11100000001011
-74 (base 8) to base 5
-220
Convert -10558 (base 9) to base 6.
-52255
166 (base 10) to base 12
11a
What is -1002220022 (base 3) in base 9?
-32808
Convert 2691 (base 13) to base 3.
21120200
Convert -22101200 (base 3) to base 16.
-17e8
-484 (base 11) to base 15
-286
Convert 3400 (base 5) to base 6.
2111
Convert 11210121 (base 3) to base 14.
13bd
Convert -6889 (base 11) to base 5.
-242201
What is 1d2 (base 15) in base 14?
222
Convert -1e9 (base 15) to base 4.
-12330
Convert -30655 (base 10) to base 6.
-353531
What is -1722 (base 9) in base 12?
-918
Convert b9a (base 12) to base 5.
23302
What is -312232 (base 4) in base 3?
-11210201
What is -307b (base 12) in base 3?
-21020112
Convert 94c (base 14) to base 5.
24312
6167 (base 8) to base 13
15b6
Convert 36b8 (base 15) to base 10.
11648
28 (base 16) to base 13
31
What is 333 (base 10) in base 16?
14d
1367 (base 9) to base 15
48d
-828 (base 9) to base 16
-2a2
212 (base 4) to base 11
35
41505 (base 6) to base 5
134320
Convert 566 (base 13) to base 11.
775
523 (base 7) to base 10
262
Convert 1000000010 (base 2) to base 13.
307
What is 10111100100011 (base 2) in base 11?
9080
1296 (base 13) to base 15
bc3
What is 10200012112 (base 3) in base 12?
35a28
What is 11000100010 (base 2) in base 11?
11a8
-101001100110000 (base 2) to base 3
-1002012202
-2074 (base 12) to base 4
-313120
10010001110011110 (base 2) to base 15
171be
What is 202221 (base 5) in base 16?
19a1
-221313 (base 4) to base 12
-1673
What is -2456 (base 9) in base 12?
-1089
What is -47 (base 12) i